 = -5 + 41. Let p be (362/(3 - 1))/(2/k). Let m = p - 1309. Is m composite?
False
Suppose 5*q + 5*f - 16 = 3*f, -f = -3. Suppose m - 980 = -q*c - 0*m, 3*m + 1461 = 3*c. Is c a prime number?
False
Let c be (-4458)/(-4) - ((-12)/8 + 1). Let n = c + -207. Suppose -2*w + n = -918. Is w a composite number?
True
Let o(w) = -w**2 + 45*w + 21. Suppose 57*s + 140 = 61*s. Is o(s) a prime number?
False
Let r be (-10)/(-10) + 3 + -1. Let m be 14/(28/(-4)) + 2*1. Suppose m = -r*s + 4*s - 37. Is s prime?
True
Let x = 8589 - -608. Is x a composite number?
True
Suppose 0 = -5*d - 5, 11*d = 2*g + 13*d - 134696. Is g composite?
False
Let i(f) = -f**3 + f**2 + f - 5. Let w be i(-4). Let d = w - 68. Is 2/((-2)/d)*(-1538)/6 a prime number?
True
Suppose 0 = -26*j + 28*j - 3206. Let a = j + -354. Is a a prime number?
True
Let g be (-28)/49 + (-32)/(-7). Suppose 0*l - 12 = -g*l + y, 4*l + 4 = -3*y. Let v(m) = 186*m**3 - 3*m**2 + 1. Is v(l) a prime number?
False
Suppose 69*h = 4*h + 21355295. Is h a composite number?
False
Let l(h) = 636*h**3 - 2*h**2 + 3*h - 2. Let b = 16 - 15. Is l(b) prime?
False
Suppose 11*v - 10*v = 3*n + 8, -v - 3*n + 2 = 0. Is (-4)/1 + v - 1 - -4547 a prime number?
True
Let a(p) = -28*p**3 + 23*p**2 + 349*p - 5. Is a(-18) composite?
True
Let n(m) be the second derivative of 5*m**3 - 10*m + 37/2*m**2 + 0. Is n(9) prime?
True
Let j = 98 + -88. Is (1 + 2)*1597*j/6 a prime number?
False
Let m(j) = -529*j - 39. Let c be m(-9). Let f = c - 1592. Suppose -2*v - 4*i = -0*v - f, -2*v = 2*i - 3132. Is v composite?
False
Suppose 0 = -4*k - j + 765, j = -3*j + 20. Suppose -3*d + 0*w - w + 2269 = 0, 0 = -2*d + 5*w + 1507. Suppose 2*g - d = k. Is g a prime number?
False
Suppose 509*n = -68174866 + 186806987. Is n prime?
True
Suppose 0 = 207*z - 213*z + 12. Suppose 3*o + 3237 = 3*u, 4*u - 4314 = z*o + o. Is u prime?
False
Suppose 2491*w - 2452*w - 3835689 = 0. Is w prime?
False
Let c be (2/7 - 111/21) + -1. Is -31634*((-5)/40 - c/(-16)) prime?
True
Suppose -3296*v + 4221164 = -3293*v - 5*b, -2*v + 2814100 = -2*b. Is v prime?
False
Let h = 25830 - 9538. Let u = h - 9365. Is u composite?
True
Let b(l) = 255*l**3 - 10*l**2 - 56*l + 531. Is b(8) composite?
False
Let g(t) = t**3 - 2*t**2 + 3*t + 3. Let n be g(3). Suppose -25*k + n*k = -8. Is (-270)/(-12) + 1/k prime?
True
Suppose 4*s + 5643183 = 5*b - 115688, 0 = -s + 6. Is b a composite number?
False
Suppose 10*x = 9*x - 109. Let y = x + -630. Let b = y - -1484. Is b a composite number?
True
Let l(b) = -486*b - 128. Let r(u) = 4*u**3 - 4*u**2 + 3. Let i be r(-1). Is l(i) composite?
True
Let y = 1929422 + -1042591. Is y prime?
False
Let s be (-1)/(-6)*-3*0. Is s - 0 - (-33754)/(27 - 13) a prime number?
True
Suppose -2079 = 49*r - 48*r. Let s = r + 4370. Is s a composite number?
True
Suppose -4*l + 32*z + 221700 = 28*z, -5*z = -9*l + 498841. Is l a composite number?
True
Suppose -g - i + 32114 = 0, -2*g - 204*i + 205*i + 64237 = 0. Is g composite?
False
Is (-1)/((4 + -1)*115/(-8215485)) a composite number?
False
Let g(m) = -4*m - 158. Let d be g(-41). Suppose -w + 11177 = -l, 5*w - 55885 = -8*l + d*l. Is w composite?
False
Is (-2736)/(-3192) + (3/((-63)/(-19518600)) - -1) a composite number?
False
Let f(i) = 9*i**2 + 36*i + 47. Suppose 5*x + 12*o + 131 = 11*o, -x = -4*o + 22. Is f(x) composite?
True
Let t(w) = 12253*w**2 + 6*w + 7. Let d be t(-2). Suppose 5*q - d = 4*f, 9269 = 3*q - f - 20138. Is q composite?
False
Suppose 2*g = -c + 11, -2*g = 2*c + 2*c - 20. Let m be c*(-8)/36 - (-39548)/3. Suppose -m = -5*k + 10373. Is k composite?
True
Let m(u) = -8*u**3 + 17*u**2 - 2*u - 6. Let i be m(-5). Let v = -576 + i. Is v a prime number?
True
Let u(l) = 41*l**3 - 40*l**2 + 59. Is u(14) a prime number?
True
Is 14/(-245) + (-19953141)/(-455) a composite number?
False
Suppose -9*b + 132675 = -150456. Is b prime?
False
Suppose -2*g - 10 = 4*v, -5*g = -v - 15 - 15. Let w(t) = -33*t**3 + 15*t**2 + 45*t - 4. Is w(v) prime?
True
Let f = -196776 + 328283. Is f prime?
True
Let u(t) = 6*t**2 + 3*t - 55. Let j be u(7). Suppose -k + j = -1034. Is k a prime number?
False
Let u(y) = -y**3 + 59*y**2 - 140*y + 371. Is u(56) prime?
False
Is (((-338463)/(-12))/3)/((-39)/(-1092)) prime?
False
Let o = 39 + 430. Suppose 3*k - o = 8399. Suppose -621 + k = 5*h. Is h prime?
True
Let p be (-9)/(-12 - -7 - (-3 - 1)). Suppose p*f = 13*f - 10636. Is f a composite number?
False
Let p = -557 - -557. Suppose -30 = -2*t - 24, 2*s - 5*t - 15619 = p. Is s prime?
True
Let l = 7107 - 3621. Suppose -5*t + 17435 = -4*a, l = 3*t - 2*t - a. Is t a composite number?
False
Let s = 333831 - 94874. Is s composite?
True
Suppose -3*b = -6*b - 9. Let u be (-21)/1*b/9. Suppose -896 = -u*x + 1253. Is x prime?
True
Let w = -24 + 28. Let l be w/(8/20 + 1 + -1). Suppose 14*v - l*v = 3076. Is v a prime number?
True
Let x = 1290 - 102. Suppose 21*o - 96 = 30. Suppose -o*t = -x - 546. Is t prime?
False
Let o(c) = c**3 - 14*c**2 + 5*c - 25. Let g be o(14). Let t = g - -66. Is t prime?
False
Suppose 9*j - 31337 - 26578 = 0. Suppose -3*i + 3*v = -5*i + 2597, -5*i = -4*v - j. Is i a composite number?
False
Let x be 9773742/34*6/9. Is (10/(-4) - -1)*x/(-93) a composite number?
True
Let n = 630027 - 210785. Is n composite?
True
Let r = 28 - 28. Suppose -2*i = -4*k + 208, r = 4*i - 7*k + 2*k + 413. Let z = 485 - i. Is z composite?
False
Suppose 3*j - 48 = 3*a, -2*j = -4*a - 5 - 33. Suppose -j*v + 12588 = -9*v. Is v a prime number?
False
Let j(g) = 1489*g - 59. Let t be j(8). Suppose 4*r - 41055 = t. Is r a composite number?
True
Suppose 15*w - 4871772 - 5713623 = 0. Is w a composite number?
True
Let k be 21/(-10) + 4 - (-3)/30. Suppose k*w = -8*w + 47590. Is w a composite number?
False
Suppose -u + 3 = 3*q - 42, -171 = -5*u + 3*q. Let h = 49 - u. Suppose 9*z = h*z - 356. Is z a prime number?
True
Suppose -2*v = -2*d + 8, -4*d - v + 20 = d. Suppose 284 = -g + 3*l, -d*l - 449 + 1902 = -5*g. Let t = 604 + g. Is t prime?
True
Let h(k) = -15*k**3 + 9*k**2 + 33*k + 785. Is h(-18) prime?
False
Let b be ((-504)/294)/(0 - (-2)/(-14)). Suppose -b*v - 1074 = -6966. Is v a prime number?
True
Suppose 8*b = -2608 - 1680. Let x = b - -759. Is x a composite number?
False
Let o(t) = -6174*t**3 - 10*t**2 - 68*t - 197. Is o(-4) a prime number?
False
Suppose -t - 295023 = -4*o + 887338, -2*o = t - 591185. Is o prime?
True
Let g = -540438 - -1021273. Is g a composite number?
True
Suppose -663*l = -677*l + 1003282. Is l prime?
True
Is (8*(-5)/(-140))/((-20)/(-12651170)) a prime number?
True
Let t be 3/(5/400580*12). Suppose -14*m = -17869 - t. Is m composite?
False
Suppose -265173 = -12*l + 422979. Suppose 28*y + 9942 - l = 0. Is y prime?
True
Let k(n) = -18*n**3 - 4*n**2 + 9*n + 1. Let q be (-240)/44 + 60/(-110). Is k(q) prime?
True
Let k be 1 + (-11359)/(-3) + 4/6. Suppose 0 = -h + k + 2167. Suppose -h = -6*u + 4803. Is u a composite number?
True
Let n(r) = 91*r + 46. Suppose -18 - 38 = -8*y. Is n(y) a composite number?
False
Suppose 2*a - 150 = 2*r + r, -4*a + 3*r + 288 = 0. Let s = a - 73. Is (514/(-5))/(s*5/50) composite?
False
Suppose -4*g + 5*k + 263123 = 0, -2*k + 172222 = 2*g + 40674. Is g a prime number?
True
Let d = 283444 - -433785. Is d composite?
False
Is 36 + -41 - 3642*-23 prime?
True
Suppose -5*b = -4*g - g + 5, 0 = -3*g - 2*b + 18. Suppose 2*o - 28214 = g*a, o - 5*a = -o + 28213. Is o composite?
True
Let a be (10/15)/((-4)/(-87198)). Let u = a + -8412. Is u a composite number?
False
Let l(t) = 20201*t + 22. Let c(g) = 4*g**2 - g + 1. Let v be c(1). Let x be l(v). Is (x/(-171))/(-1 + (-1)/(-3)) a composite number?
False
Let y(j) = -4781*j**3 + j + 5. Is y(-2) a prime number?
False
Let o be ((-96)/(-20))/(6/20). Let h(a) = 7*a - 55. Let b be h(o). Is (2786/8 + -1)/(b/152) prime?
False
Let t be (-80840)/35 - 2/7. Let b = 4595 + t. Suppose -2*x - 531 + b = 0. Is x a prime number?
True
Let y(m) = -16216*m - 715. Is y(-3) a prime number?
True
Is (18708645/(-20))/(6/(-8) + -10 + 10) composite?
False
Suppose -4 = -v, -k - 2*v + 14 = -0*k. Suppose 2*j = k*j. Suppose -8*n - n + 8793 = j. Is n prime?
True
Let d = 37542 - 6727. Is d a prime number?
False
Let u be (15/(-9))/((-2)/12). Suppose -9*l - 25 = -u*l. Is -1 + (690/l)/((-3)/(-10)) composite?
True
Let h(f) = -f**3 - 10*f**2 + 16*f + 4. 